3*w**2/2 + w - 1. Let v = -6 + 19. Suppose 4*s = y + v, 3*s - 5*s - 3*y + 17 = 0. Calculate z(s).
5
Let t(x) = 4*x + 7. Let s be (3*1)/(10/(-20)). Calculate t(s).
-17
Let z(l) = 3*l - 1. Let c be z(1). Let s(n) = -5*n + 3*n**2 - c*n + 2*n + 3 + n. Let x(u) = -u - 3. Let t be x(-5). Determine s(t).
7
Let j(o) = 2*o. Suppose 0 = c - 6*c, -11 = -f + 3*c. Suppose -f = -2*s + 5*r, 3 = -3*r - 0. What is j(s)?
6
Suppose 0 = -l, -n - 3*l + 15 = -6*n. Let w(i) = i. Give w(n).
-3
Let c(s) = -9*s - 1. Suppose 4*i - 5 = 31. Suppose i = -5*d + z, 0*z = 2*d + 5*z - 18. Determine c(d).
8
Let y(h) be the first derivative of h**3/3 + 3*h**2/2 + h - 1. Give y(-4).
5
Let w(a) be the second derivative of -a**2 - a - 1/3*a**3 + 0. Determine w(-2).
2
Let l(s) be the first derivative of -s**2/2 - s + 2. Give l(3).
-4
Let f(g) = 0*g + g - 10*g + 3*g + 3 + g**2. Calculate f(6).
3
Suppose 0 = -y - 0*y, -4*l - 12 = 3*y. Let c be 65/25 + l/5. Let d(k) = 4 + 2 + k - k**2 - c*k. What is d(0)?
6
Let k be (4 + -3)*7/1. Let d(x) = 3*x - 7 + 5*x - 3*x**2 + 2*x**2. Let l be d(k). Let n(c) = -c**2 - c + 5. Determine n(l).
5
Let d(k) be the second derivative of -2/3*k**3 - 1/12*k**4 + 0 - k**2 + 3*k. What is d(-4)?
-2
Let z(c) be the first derivative of c**4/2 + c**3/3 - 10. Suppose -6*p + 18 = 2*x - 2*p, 21 = 5*x - 2*p. Suppose -x = -5*o - 0*o. Determine z(o).
3
Let v(s) be the second derivative of -1/20*s**5 - 8*s + 0 + 0*s**2 + 1/3*s**4 - 2/3*s**3. Calculate v(3).
-3
Let n(f) = 3. Let s(k) = k - 6. Let h(m) = 5*n(m) + 3*s(m). Give h(3).
6
Let a(s) = -s**2 - 5*s - 4. Let n(q) = -q**3 - 5*q**2 + 7*q + 2. Let v be n(-6). Give a(v).
0
Let h(u) = -6*u - 2. Let f be (-2)/(-6) - (32/(-12) + 6). What is h(f)?
16
Let r(m) be the first derivative of m**5/60 + m**4/12 + m**3/3 - m**2/2 - 1. Let d(w) be the second derivative of r(w). Let k be (-2 - -1)/(3/9). Give d(k).
5
Let n(h) = 3*h**2 + 6*h + 7. Suppose 4*v = 2*v - 5*l - 13, 4*l = 3*v - 15. Let c(w) = -w - 1. Let t(b) = v*n(b) + 5*c(b). Calculate t(-2).
12
Let u = -83 + 86. Let z(s) = s**2 + 3. Give z(u).
12
Let g(n) be the first derivative of 5*n**3/3 + n**2 - n + 4. Let c = 6 - 5. Give g(c).
6
Let i(y) = y - 3 + y - 5*y. Suppose -4*f + 4 = 0, 4*u - 2*f = 1 - 3. Let a = u - 3. Give i(a).
6
Let o(z) = -z**2 + z. Let d(r) = 3*r**2 - 2*r. Let s(v) = d(v) + 4*o(v). Give s(4).
-8
Let d(p) = p + 1. Suppose -4*g = 4*k - 12, 6*k - k - 3*g = 15. What is d(k)?
4
Let a(v) = -2*v + 1. Let d(x) = x. Let h = -1 - -2. Let g(y) = h*a(y) + 3*d(y). Give g(6).
7
Suppose 6 = -3*k + 4*k + 5*b, -3 = -3*b. Let s(g) = 0 + 2 + 0 - g - k. Let v be s(-4). Let y(q) = q - 12. What is y(v)?
-7
Let w(n) = n**2. Let m(k) = -2*k**3 - 2*k**2 + k - 1. Let o be m(-3). Suppose -4*s - 6*d - o = -2*d, -28 = 5*s + 2*d. Let v = s + 2. Calculate w(v).
4
Let f(n) be the first derivative of -5*n**2/2 - 4*n + 2. Let k(u) = -u - 1. Let j(w) = -f(w) + 3*k(w). Determine j(3).
7
Let t(l) = 8 + 0*l**3 - 2*l - l**3 + 3*l. Suppose -x = -4*q - 4, 2*x - 8 = q + 4*q. Let o be 1/x - (-3)/(-12). Calculate t(o).
8
Let h(l) = -5*l**3 + l**2 + 2*l + 1. Let j be (28/42)/((-3)/((-18)/(-4))). Calculate h(j).
5
Let m(p) = -3*p. Let k(b) = 5*b - 1. Let i(u) = 4*k(u) + 7*m(u). Let d be (-3)/6*-5*2. Suppose -d = 4*y + 11. Give i(y).
0
Let b(j) = 10 - j + 3 - 14 - 5*j**2. Let o = 0 + -4. Let h be 0 + 2 + (o - -1). Calculate b(h).
-5
Let s(g) = 6*g + 8. Let k be s(-3). Let b be (-15)/(-10)*k/(-3). Let i(v) = -v**3 + 5*v**2 + v + 1. What is i(b)?
6
Let q = 27 - 30. Let z(n) = n - 1. Let u(x) = -x**3 - x**2 - x + 4. Let m be u(0). Let s(r) = r - 2. Let l(o) = m*z(o) - 2*s(o). Calculate l(q).
-6
Let u(x) be the second derivative of x**4/12 + 7*x**3/6 + 3*x**2 - 2*x. Give u(-4).
-6
Suppose 0 = -4*q - 16, -k + 3*q = q - 8. Let s(m) = -m - 5. Calculate s(k).
-5
Let i(q) = 10*q**2 + q - 1. Suppose -k - 10 = k. Let z(w) = w**3 + 6*w**2 + 5*w + 7. Let v be z(k). Let j = 8 - v. Give i(j).
10
Let n(x) = -x - 7. Let y = -36 - -44. Let z(u) = 2*u**2 + 3*u + 1. Let s be z(-2). Suppose s*i = -5*l - 29, l - y = 3*l. Determine n(i).
-4
Suppose -y = -4*k, 4*y + 28 = -2*k + 10. Let j = 2 + 6. Let f(x) = -3*x - 2 + 4 - j. Determine f(y).
6
Let h(g) = g + 3. Let u be h(0). Let n(f) = -2 - 4*f + 18*f**2 + f - 17*f**2 + 2*f. Give n(u).
4
Let g(o) = 2 - 9 - o - 6. Determine g(-9).
-4
Let u(m) = -m**3 + 4*m**2 + 4*m + 7. Let c be u(5). Suppose -3*w = -6*l + l + 5, 4*l + 3*w - 4 = 0. Let b(j) = -l - 2*j + c*j + 2 + j. What is b(4)?
5
Let b(n) = n**2 + 29*n**3 - 29 - n + 3*n + 30. Calculate b(-1).
-29
Let w = 0 - 0. Suppose 2*x - 6*x = -b + 13, -x - b - 7 = w. Let j be x/(-10) - 34/10. Let t(r) = -4*r - 4. What is t(j)?
8
Let g(i) = -27 + 3*i**3 + 12*i**2 - 6*i**3 - i + i**3 + 10*i. Let d(f) = f**3 - 6*f**2 - 4*f + 13. Let w(o) = -13*d(o) - 6*g(o). Determine w(5).
8
Let a(z) = -5*z - 1. Suppose o + 0 = -1. Let u be ((-2)/(-6))/(o/(-3)). Calculate a(u).
-6
Let o(m) = -3*m**2 + 7*m + 5. Let g(s) = -4*s**2 + 8*s + 6. Let l(p) = -4*g(p) + 5*o(p). Let u(q) be the first derivative of l(q). What is u(5)?
13
Let f(a) = a - 2. Let t = -112 + 117. Give f(t).
3
Let i(q) = q**3 + q**2 - q - 16. Let c = -68 - -68. What is i(c)?
-16
Let r(q) = -4*q**2 + 20*q - 12. Let d(z) = -z**2 + 5*z - 3. Let f(g) = -9*d(g) + 2*r(g). Suppose 5*k + i = 4*i + 8, -i = k - 8. Determine f(k).
-1
Let v(p) = -5 + 4 + p**2 + 3 - 9*p + 8. Give v(7).
-4
Suppose 3*a + 9 + 3 = 0. Let h(l) = -9*l + 7*l + 4*l - 1 - l. What is h(a)?
-5
Let o(f) = -f**3 - 6*f**2 + 8*f + 6. Suppose 0 = -3*m - 5*h + 84 - 17, 5*m = 4*h + 50. Suppose r = -r - m. Calculate o(r).
-1
Let h(y) = -5*y + 2. Let m(o) = 14*o - 6. Let x(p) = 8*h(p) + 3*m(p). Calculate x(4).
6
Let a(b) = -2*b + 2*b**2 - 3*b**2 - 4*b - 3 + 13*b. What is a(4)?
9
Suppose 7*y = 2*y + 15, -4*f - 5*y = -3. Let r(t) = -t**3 - 4*t**2 + 2*t + 3. Calculate r(f).
-12
Let h(o) = o - 2. Let k be (-2 + -4)*(-2)/(-4). Let j(m) = 1. Let g(a) = k*h(a) - 7*j(a). What is g(2)?
-7
Let c(h) = -h + 8. Let a(z) = -z**3 - 16*z**2 + 17*z + 6. Let w be a(-17). Give c(w).
2
Let r(y) be the first derivative of y**2/2 + 2*y - 1. Suppose -5*s - 5*b = -b - 16, -3*b - 19 = -4*s. Give r(s).
6
Let m(g) = g + 13. Let z = 11 - 7. Let c be (1 + 5)*(3 - z). What is m(c)?
7
Let t(b) = b**2 - b + 10. Let p = -1 + 8. Suppose -p = -4*f + 3*g - 19, -4*f - 5*g = -20. Calculate t(f).
10
Let y(p) = -p + 2 + 0*p - 1. Let d(c) = -3*c**3 - c**2 + 1. Let l be d(-1). Suppose -4*m - 15 = 5*v, 12 = l*m - 5*v + v. Determine y(m).
1
Let a(q) = 1 - 2 + 4*q**2 + 4*q + 5 - 2. Let x = 3 + 1. Let f = x + -6. Calculate a(f).
10
Let s(w) = -w**3 + 3*w**2. Let k = -6 + 10. Suppose -k*u - u + 17 = 2*p, 0 = 4*p - 5*u + 11. Let o = p - -2. Calculate s(o).
0
Let j(h) = h - 2. Let m = 9 - 12. Let k be (-9)/3 + (-1 - m). Let s be -1 - 3/k - 0. Calculate j(s).
0
Let r(o) = 5*o**3 - 2*o**2 + 2*o - 1. Suppose 3*y + 8 = -1. Let m(k) = k**3 + 4*k**2 + 3*k + 1. Let g be m(y). Give r(g).
4
Let x be (-2)/(-1) + (0 - 0). Suppose -x*m = 2*l + 6, 2*l = -5*m - 2 - 4. Suppose -h - h - 6 = m. Let k(a) = -a**3 - 2*a**2 + 3*a + 4. What is k(h)?
4
Let z = 9 + -8. Suppose -z - 2 = -p. Let r(v) = v**2 - 4*v + 3. Give r(p).
0
Let r(h) be the second derivative of h**4/12 - h**3/6 - 3*h**2/2 + h. Let l = -2 - -4. Suppose -l*f = -f. Calculate r(f).
-3
Suppose 0 = -8*o + 3*o + 5. Suppose -o = 2*b + 3. Let s(p) = -5*p + 2*p + 3*p - 3*p. What is s(b)?
6
Let j(l) = l**3 + 16*l**2 + 16*l + 7. Let d be j(-15). Let o(m) = m**2 + 10*m + 6. Calculate o(d).
-10
Let m = 17 + -11. Let x(n) = -n**2 + 8*n - 6. Give x(m).
6
Let s(h) = h**2 - 5*h - 3. Let f be (-266)/98 + 4/(-14). Determine s(f).
21
Let n(w) = 4*w - 2*w - w. Let r = -16 - -22. Let h be 2/r + (-5)/(-3). Give n(h).
2
Let h(o) = o**2 + o - 1. Suppose 4*w + 16 = m, 3*m + 2*m - 2*w = 8. Suppose -2*b - 6 = -2*z, 0*z - 2*z - b = 0. Let c = z + m. Determine h(c).
1
Let d be (-2)/10 - (-128)/40. Let l(p) = p**d + 4 + 4*p + 2 - 4 - 6*p**2. Give l(5).
-3
Let z be ((-5)/2 + 2)*-6. Suppose -5 = -4*t + z*q, -5*t - 5*q + 58 = 8. Let y(x) = -x**3 + 6*x**2 - 3*x - 4. Determine y(t).
6
Let v(b) be the third derivative of 1/6*b**4 - 8*b**2 + 1/60*b**5 + 0 - 2/3*b**3 + 0*b. Give v(-4).
-4
Let i(b) = -b + 2. Suppose 6*l + 4*v = 2*l, 0 = 5*l - v + 18. Let t be ((-3)/9)/(l/